 divided by b?
7
Let a = -16 + 21. Suppose -2*q = a*j - 178, -176 = -7*j + 2*j - 4*q. Calculate the remainder when j is divided by 19.
17
Suppose 5*p + 8*p - 494 = 0. Let d(a) = a**2 - 10*a - 1. Let m be d(10). Calculate the remainder when p is divided by (10 + -2)*m/(-1).
6
Let z = 914 + -873. What is the remainder when 68 is divided by z?
27
Let d be (-4)/14 - (-16)/7. Suppose j = d - 0. Suppose 4*n - 4*b - 36 = 20, 0 = -j*n - b + 25. What is the remainder when 25 is divided by n?
12
Let t = 265 + -255. Calculate the remainder when 35 is divided by t.
5
Let w(i) = -i**2 - 5*i + 7*i + 18 - 20*i. Calculate the remainder when w(-15) is divided by 22.
19
Let i(t) = 5*t + 5 - t + 9*t. Calculate the remainder when i(3) is divided by 8.
4
Suppose 2917 = 5*r + 4*p, 0 = -4*r + 9*r - 2*p - 2899. What is the remainder when r is divided by 53?
51
Let u(g) = -g**3 - 6*g**2 - 18*g - 61. Calculate the remainder when 15 is divided by u(-5).
3
Let a(v) = -3*v + 2. Let u(f) = 13*f + 2. Let m be 4 + (-2 - (-2 + 0)). What is the remainder when u(m) is divided by a(-4)?
12
Suppose -v = -3*v, -5*q - 4*v = -60. What is the remainder when 26 is divided by q?
2
Let f = -100 - -105. Calculate the remainder when 7 is divided by f.
2
Let u = 9 - 7. Suppose 0 = u*j - 23 - 51. Suppose 0 = -g - 0*g + j. Calculate the remainder when g is divided by 10.
7
Suppose 24 = 3*z + 4*v - 10, -5*z = v - 34. Suppose -l + 448 = z*l. Calculate the remainder when l is divided by 11.
9
Let z = -29 + 47. Suppose -m + 3 = -2. Suppose 0 = m*q + n + n - 52, -5*q + n + 49 = 0. Calculate the remainder when z is divided by q.
8
Let u(d) = -d**2 + 7*d - 4. Let m be u(3). Suppose -m*v + 60 + 92 = 0. Calculate the remainder when 52 is divided by v.
14
Suppose x + 456 = -2*x. Calculate the remainder when (1/(-1))/(19/x) is divided by 4.
0
Suppose -k = 5*i, -i - 7 = -k + i. Let v = 0 + k. Suppose -30*p + 29*p + 17 = 0. What is the remainder when p is divided by v?
2
Let f(n) = n**3 + 6*n**2 - 5*n - 4. Let d be f(-3). Suppose 259 = s - d. Suppose -s = -4*w - 53. What is the remainder when w is divided by 16?
13
Suppose 4*v - 2*v = 44. Calculate the remainder when -1 + 0 - (5 - v) is divided by 2/7 + (-122)/(-14).
7
Let l = 2501 + -2424. What is the remainder when 302 is divided by l?
71
Suppose -3*b - 62 + 167 = 0. Let s = 23 + -10. Let r = b - s. What is the remainder when r is divided by 6?
4
Let b be ((-5)/(-15))/((-3)/18*-1). Calculate the remainder when 95 is divided by b*24/(-18)*9/(-2).
11
Let r(b) = -3*b**2 - 6*b - 7. Let i be r(-2). Calculate the remainder when 41 is divided by 14/i - (-1 + -23).
19
Let o(d) = -18*d - 3*d**2 - 17 + 6*d**2 + d**3 + 12*d**2. Calculate the remainder when 57 is divided by o(-16).
12
Suppose 3*f + y - 106 = 0, -33 = -3*f + 2*f + 2*y. Let q = -81 + 100. Calculate the remainder when f is divided by q.
16
Let p = -57 + 95. Calculate the remainder when 37 is divided by (10 - 7)*p/6.
18
Suppose -1299 = -z - 1227. Calculate the remainder when 430 is divided by z.
70
Calculate the remainder when 61 is divided by (73 - 105)/(-1*1).
29
Let c = -14 + 31. Suppose 0 = 5*j + 1 + 4. Let r = c - j. What is the remainder when r is divided by 5?
3
Let l be 829/6 - (-5)/(-30). Let a = 231 - l. Calculate the remainder when a is divided by 34.
25
Suppose 1932 = -20*n + 41*n. Calculate the remainder when 181 is divided by n.
89
What is the remainder when 145 is divided by (-2905)/(-70) - (-1)/2?
19
Suppose -54*f + 72*f - 36 = 0. What is the remainder when 82 is divided by f?
0
Let s(r) = -10*r**2 - 21*r + 13. Let q be s(-9). Calculate the remainder when 149 is divided by (q/(-8))/(2*1).
35
Suppose -31*v + 11*v + 15378 = 46*v. Calculate the remainder when v is divided by (-39)/(2 - 1)*-1.
38
Suppose -2*h = i - 17, -11*h + 6*h - i + 35 = 0. What is the remainder when 22 is divided by h?
4
What is the remainder when -2 - -5 - (-183 - (4 - 1)) is divided by 65?
59
Let r(u) be the second derivative of 0 + 1/2*u**3 - 9/2*u**2 - 6*u. Calculate the remainder when r(8) is divided by 8.
7
What is the remainder when 59 is divided by ((-13)/11 - -1) + 9595/1045?
5
Let t = 23 + 8. Suppose 0 = -4*s - 2*p + 42, 4*s - 45 = p + 6. Calculate the remainder when t is divided by s.
7
Let t(o) = 16*o**2 - 160*o + 57. Suppose -4*v + 5*s - 56 = 0, -4*s - 38 = 2*v + 16. Let p = 34 + v. Calculate the remainder when t(10) is divided by p.
12
Suppose 409 - 1241 = -16*a. What is the remainder when a is divided by 52?
0
Let j(u) = u**2 + 12*u + 11. Let m be j(-12). Suppose -16*w = -m*w - 180. Calculate the remainder when 106 is divided by w.
34
Suppose 2*z = -3*k + 95, -2*z + 24 + 61 = k. Calculate the remainder when z is divided by (-294)/(-14) + 0*(-1)/(-3).
19
Let r(j) = -j**3 - 5*j**2 - 13. Suppose -2*f - 28 = -4*d, -4*d - 2 = -4*f - 42. Calculate the remainder when 66 is divided by r(f).
20
Let u(s) = s + 6*s + 5*s - 2*s + 31. Calculate the remainder when u(5) is divided by 17.
13
Suppose 4*b - 252 = -4*y, 5*y + 4*b = 9*y - 244. Calculate the remainder when 990 is divided by y.
60
Suppose 26*x + 21 = d + 23*x, 0 = -2*d + 4*x + 48. What is the remainder when d is divided by 8?
6
Let o(r) = r + 15. Let k be o(-9). Suppose -2*p = -k - 24. Let f(c) = c**3 + 4*c**2 - 2*c. What is the remainder when f(3) is divided by p?
12
Let j = 1031 - 1017. What is the remainder when 670 is divided by j?
12
What is the remainder when 370 is divided by (252/234)/((-2)/(-13))?
6
Let w(g) = 75*g - 6. What is the remainder when w(1) is divided by 4/10 + (-528)/(-30)?
15
Suppose 56*d - 162*d + 6466 = 0. Let f(n) = 4*n**3 + n**2 - 2*n. What is the remainder when d is divided by f(2)?
29
Suppose 2*y - 2*o + o - 62 = 0, y + 2*o - 31 = 0. Calculate the remainder when y is divided by 216/20 - (-2)/10.
9
Let c = 3 + -5. What is the remainder when ((-8)/6 - -1) + 638/87 is divided by c - (-1 + -2 + -2)?
1
Let f be 2/(-4) - 42/(-12). Let r(c) = 4*c - 3. Suppose 0 = k + 5*q - 11, -2*q + 8 = 2*k - k. Calculate the remainder when r(f) is divided by k.
3
Suppose -2*l - 5*w + 2313 = 0, -12 = 8*w - 12*w. Calculate the remainder when l is divided by 64.
61
Let x(d) = -d**3 - 5*d**2 - 6. Suppose -40*v + 560 + 2960 = 0. Calculate the remainder when v is divided by x(-6).
28
Suppose f + 249 = 3*n, 5*f + 1107 = -2*n - 121. Let u = 141 + f. Let l = u - -167. Calculate the remainder when l is divided by 16.
14
Suppose -2*d = -0*d - 4. Suppose 3*f + 23 = 4*f. Suppose -d = s - f. Calculate the remainder when 81 is divided by s.
18
Suppose -p - 42 + 37 = 0, 5*m - p - 90 = 0. What is the remainder when 777 is divided by m?
12
Suppose -623 = -3*n - 2*m, 2*n + 2*m - 422 = -m. Suppose 0 = 3*y + 1 - 13, -32 = -l + 5*y. Calculate the remainder when n is divided by l.
49
Suppose -3*c - 25 = 4*q, -15 = 3*q + c + 2*c. Let j be q/(-4 - 45/(-12)). Suppose 157 - j = 3*s. Calculate the remainder when s is divided by 14.
11
Suppose 5*p - 69 = -2*u, 4*p - 48 = 3*u - u. Let s = -5 - -5. What is the remainder when p is divided by 1/(-1) + s + 6?
3
Suppose -3*v - 2*u - 2*u - 7 = 0, -5*v - 3*u + 3 = 0. Let w = 122 + -109. Calculate the remainder when (v + 0)*7 - -2 is divided by w.
10
Let b(h) = 2*h**2 - 9*h + 1. Let a be 1/2*4 - -1. Suppose 48 = -0*m + a*m. What is the remainder when m is divided by b(5)?
4
Let c(a) = 2*a**2 - 40*a - 83. What is the remainder when c(35) is divided by 81?
76
Suppose -y + m = -0 - 13, 4*y - 3*m - 55 = 0. What is the remainder when 28 is divided by y?
12
Calculate the remainder when 71 is divided by (224/(-20))/((-22)/55).
15
Suppose -4*b - 6 = l, 4*l + 5*b = 3*b - 66. Let p = l - -37. Let y = -69 + 125. Calculate the remainder when y is divided by p.
18
Let n(w) be the second derivative of 11*w**2 + 0 + 2*w - 1/6*w**3. What is the remainder when n(0) is divided by 6?
4
Suppose -3*x = -4*u + 2*u + 787, 4*u - 5*x - 1569 = 0. Suppose 0 = 2*j + u + 78. What is the remainder when 1/3 - j/6 is divided by 8?
7
Let h(x) be the first derivative of 9*x**2/2 - 22*x + 3. Let r(l) = 2*l**2 - l. Calculate the remainder when h(9) is divided by r(3).
14
Let t = 86 - -311. Calculate the remainder when t is divided by 67.
62
Suppose -336 = -2*f - f. Suppose -319*v = -327*v + 184. What is the remainder when f is divided by v?
20
Let p be (-1 - 1) + 0 + 2 